.
2, 61, 5417
What are the prime factors of 24331400?
2, 5, 19, 337
What are the prime factors of 1487654?
2, 7, 106261
What are the prime factors of 3649543?
17, 137, 1567
What are the prime factors of 1382116?
2, 23, 83, 181
List the prime factors of 832852.
2, 208213
List the prime factors of 294225.
3, 5, 3923
List the prime factors of 516455.
5, 103291
What are the prime factors of 2928047?
211, 13877
What are the prime factors of 3143905?
5, 628781
List the prime factors of 92352.
2, 3, 13, 37
What are the prime factors of 198186?
2, 3, 17, 29, 67
What are the prime factors of 457919?
7, 11, 19, 313
List the prime factors of 741763.
11, 67433
What are the prime factors of 972099?
3, 108011
What are the prime factors of 11842272?
2, 3, 13, 3163
What are the prime factors of 31120?
2, 5, 389
List the prime factors of 307884.
2, 3, 25657
What are the prime factors of 3400839?
3, 13, 9689
List the prime factors of 490244.
2, 122561
What are the prime factors of 2727?
3, 101
What are the prime factors of 153577?
19, 59, 137
List the prime factors of 340093.
13, 26161
What are the prime factors of 4232044?
2, 1058011
List the prime factors of 20552.
2, 7, 367
List the prime factors of 20845432.
2, 19, 29, 4729
List the prime factors of 6768749.
13, 479, 1087
List the prime factors of 4650448.
2, 11, 26423
List the prime factors of 562446.
2, 3, 31247
List the prime factors of 127144.
2, 23, 691
What are the prime factors of 46004?
2, 7, 31, 53
List the prime factors of 3507714.
2, 3, 7, 41, 97
What are the prime factors of 15313797?
3, 1701533
List the prime factors of 202604.
2, 50651
List the prime factors of 30764.
2, 7691
What are the prime factors of 1066359?
3, 7, 17, 29, 103
What are the prime factors of 4052077?
4052077
What are the prime factors of 120703?
11, 10973
What are the prime factors of 306371?
13, 23567
List the prime factors of 285221.
285221
List the prime factors of 5159020.
2, 5, 31, 53, 157
List the prime factors of 637122.
2, 3, 106187
List the prime factors of 781353.
3, 43, 673
What are the prime factors of 506032?
2, 31627
What are the prime factors of 27240158?
2, 11, 1238189
What are the prime factors of 453104?
2, 28319
List the prime factors of 66574.
2, 33287
What are the prime factors of 778609?
13, 101, 593
List the prime factors of 26294461.
17, 19, 127, 641
List the prime factors of 1130682.
2, 3, 7, 26921
What are the prime factors of 3968310?
2, 3, 5, 17, 31, 251
List the prime factors of 101692.
2, 25423
List the prime factors of 5259069.
3, 17, 37, 929
List the prime factors of 109868.
2, 11, 227
What are the prime factors of 181415?
5, 13, 2791
What are the prime factors of 10855571?
17, 113, 5651
What are the prime factors of 282895?
5, 29, 1951
List the prime factors of 1083685.
5, 73, 2969
What are the prime factors of 31375?
5, 251
What are the prime factors of 348613?
89, 3917
List the prime factors of 22588274.
2, 17, 29, 31, 739
What are the prime factors of 7329163?
7329163
What are the prime factors of 375157?
375157
List the prime factors of 227920.
2, 5, 7, 11, 37
What are the prime factors of 18883871?
373, 50627
List the prime factors of 1711672.
2, 19, 11261
What are the prime factors of 555731?
11, 19, 2659
List the prime factors of 17312212.
2, 4328053
What are the prime factors of 575071?
7, 82153
What are the prime factors of 362537?
7, 67, 773
List the prime factors of 4852241.
23, 210967
What are the prime factors of 1836587?
683, 2689
List the prime factors of 398630.
2, 5, 39863
List the prime factors of 3059354.
2, 17, 67, 79
What are the prime factors of 2504989?
1553, 1613
List the prime factors of 1180607.
67, 263
What are the prime factors of 1288331?
11, 173, 677
What are the prime factors of 6608997?
3, 109, 6737
What are the prime factors of 9802718?
2, 4901359
What are the prime factors of 214821?
3, 23869
What are the prime factors of 17490114?
2, 3, 157, 2063
List the prime factors of 151497.
3, 31, 181
List the prime factors of 1107588.
2, 3, 23, 4013
What are the prime factors of 159990?
2, 3, 5, 5333
What are the prime factors of 4745305?
5, 167, 5683
What are the prime factors of 1872522?
2, 3, 23, 4523
List the prime factors of 13231769.
47, 281527
List the prime factors of 11908553.
271, 43943
List the prime factors of 302112.
2, 3, 1049
List the prime factors of 913816.
2, 103, 1109
What are the prime factors of 564?
2, 3, 47
What are the prime factors of 135462?
2, 3, 107, 211
List the prime factors of 15378603.
3, 1327, 3863
List the prime factors of 3995817.
3, 7, 179, 1063
What are the prime factors of 993345?
3, 5, 47, 1409
List the prime factors of 426167.
7, 23, 2647
What are the prime factors of 27454719?
3, 9151573
What are the prime factors of 13853583?
3, 227, 6781
What are the prime factors of 7921532?
2, 1980383
What are the prime factors of 212210?
2, 5, 21221
List the prime factors of 2238792.
2, 3, 93283
List the prime factors of 8225316.
2, 3, 11, 20771
What are the prime factors of 2235579?
3, 433, 1721
List the prime factors of 24641.
41, 601
What are the prime factors of 5758897?
73, 78889
What are the prime factors of 9419339?
9419339
What are the prime factors of 1325246?
2, 13, 50971
List the prime factors of 480038.
2, 13, 37, 499
List the prime factors of 224638.
2, 17, 6607
What are the prime factors of 879168?
2, 3, 19, 241
What are the prime factors of 602444?
2, 150611
List the prime factors of 19703939.
23, 856693
What are the prime factors of 1889899?
11, 15619
List the prime factors of 63510.
2, 3, 5, 29, 73
What are the prime factors of 378355?
5, 31, 2441
What are the prime factors of 224415?
3, 5, 4987
What are the prime factors of 793383?
3, 19, 31, 449
What are the prime factors of 295278?
2, 3, 29, 1697
List the prime factors of 134410.
2, 5, 13441
What are the prime factors of 14874785?
5, 59, 50423
List the prime factors of 206856.
2, 3, 13, 17
What are the prime factors of 1823919?
3, 71, 8563
List the prime factors of 90881.
7, 12983
List the prime factors of 1695368.
2, 67, 3163
List the prime factors of 1996287.
3, 665429
List the prime factors of 127490.
2, 5, 11, 19, 61
What are the prime factors of 739179?
3, 7, 3911
List the prime factors of 22823.
29, 787
What are the prime factors of 15219158?
2, 149, 51071
List the prime factors of 11241693.
3, 416359
What are the prime factors of 2289948?
2, 3, 190829
What are the prime factors of 1564224?
2, 3, 8147
List the prime factors of 340455.
3, 5, 22697
What are the prime factors of 558201?
3, 7, 19, 1399
List the prime factors of 1603601.
1603601
What are the prime factors of 5631196?
2, 59, 107, 223
What are the prime factors of 2937120?
2, 3, 5, 29, 211
List the prime factors of 12070642.
2, 6035321
List the prime factors of 2887204.
2, 601, 1201
What are the prime factors of 3436390?
2, 5, 343639
List the prime factors of 1389149.
1389149
List the prime factors of 5219072.
2, 19, 29, 37
What are the prime factors of 1023838?
2, 271, 1889
What are the prime factors of 1158126?
2, 3, 19, 10159
What are the prime factors of 16868021?
2683, 6287
List the prime factors of 106081.
43, 2467
What are the prime factors of 131008?
2, 23, 89
List the prime factors of 448186.
2, 277, 809
What are the prime factors of 2039704?
2, 254963
List the prime factors of 3000573.
3, 333397
What are the prime factors of 6395640?
2, 3, 5, 223, 239
List the prime factors of 221283.
3, 23, 1069
List the prime factors of 544187.
7, 17, 269
List the prime factors of 1906239.
3, 635413
List the prime factors of 1762124.
2, 7, 13, 47, 103
List the prime factors of 811284.
2, 3, 67607
List the prime factors of 1670622.
2, 3, 278437
What are the prime factors of 172530?
2, 3, 5, 71
List the prime factors of 689172.
2, 3, 11, 23, 227
What are the prime factors of 6541838?
2, 17, 192407
List the prime factors of 25115980.
2, 5, 1255799
What are the prime factors of 1674723?
3, 558241
What are the prime factors of 85568?
2, 7, 191
What are the prime factors of 18626710?
2, 5, 41, 181, 251
What are the prime factors of 8442795?
3, 5, 17, 113, 293
What are the prime factors of 15255844?
2, 31, 123031
List the prime factors of 5854062.
2, 3, 41, 53, 449
List the prime factors of 134636.
2, 97, 347
